?
4213
In base 7, what is -606 - -40?
-536
In base 4, what is 132 + 12?
210
In base 4, what is -33 + -2?
-101
In base 9, what is -112 + -28?
-141
In base 4, what is -20331 + -10?
-21001
In base 15, what is -4 + d1?
cc
In base 16, what is 45 - -4d?
92
In base 15, what is 4 + -18bc?
-18b8
In base 3, what is 112011 - 211?
111100
In base 16, what is -4 - -14?
10
In base 15, what is -4e + -93?
-e2
In base 15, what is 0 - -e?
e
In base 12, what is -870 - -5?
-867
In base 6, what is 1030 + 2?
1032
In base 10, what is 161 + -3?
158
In base 9, what is 5 + 125?
131
In base 8, what is -7 - -1262?
1253
In base 2, what is 10001 + -11?
1110
In base 13, what is 1b4 - 4?
1b0
In base 2, what is -11 - -1010110101110?
1010110101011
In base 14, what is -128 + 1?
-127
In base 10, what is 575 + -15?
560
In base 12, what is 64 - -72?
116
In base 10, what is -5 + 136?
131
In base 16, what is -a + -6d4?
-6de
In base 5, what is -131122 - 3?
-131130
In base 15, what is 316 - 0?
316
In base 16, what is 7c + 3?
7f
In base 12, what is 1a + 168?
186
In base 9, what is -4461 - -4?
-4456
In base 16, what is -9 + c0?
b7
In base 5, what is -4232 - -2?
-4230
In base 4, what is -1300 - 1?
-1301
In base 14, what is -2b - -69?
3c
In base 8, what is -5 - -5535?
5530
In base 2, what is 1010 - 111001111?
-111000101
In base 8, what is 135 - 216?
-61
In base 3, what is -11 - 101?
-112
In base 15, what is 1d - -2b?
49
In base 11, what is -1 + 8?
7
In base 9, what is 0 - 143?
-143
In base 16, what is -24f6 + 3?
-24f3
In base 4, what is 3012 - 3?
3003
In base 8, what is 1 + -44?
-43
In base 2, what is 1101110110 - 1?
1101110101
In base 10, what is 15 - 156?
-141
In base 4, what is -10 - -13010?
13000
In base 9, what is 65 - -4?
70
In base 6, what is 1313 - 10?
1303
In base 7, what is -2665 + 0?
-2665
In base 7, what is -43526 - 4?
-43533
In base 3, what is 100010 + 0?
100010
In base 2, what is -1000 - 11001?
-100001
In base 6, what is 0 - 11244?
-11244
In base 16, what is -66 + -13?
-79
In base 9, what is 4 - -24?
28
In base 3, what is 11 - 1100110?
-1100022
In base 3, what is -2001 + 1021?
-210
In base 3, what is -11 - 2001?
-2012
In base 10, what is -437 - 4?
-441
In base 13, what is 2 + 1a?
1c
In base 4, what is 123231 - 2?
123223
In base 2, what is 1 - -1011000?
1011001
In base 2, what is 0 - 1000101?
-1000101
In base 11, what is 22 - 44?
-22
In base 8, what is 3132 + 5?
3137
In base 14, what is 6 - -17c?
184
In base 14, what is 2a - 5?
25
In base 6, what is 1 + -35?
-34
In base 3, what is -120 + -2220110?
-2221000
In base 2, what is -1110111110010 - -10?
-1110111110000
In base 2, what is 100 - 1001001000?
-1001000100
In base 14, what is -3 + -34?
-37
In base 13, what is -13 + 130?
11a
In base 5, what is 1 - -100?
101
In base 16, what is -b - 16?
-21
In base 12, what is -765 - 7?
-770
In base 2, what is 10011110 + 10?
10100000
In base 9, what is 0 - 138?
-138
In base 11, what is 2 + -1045?
-1043
In base 16, what is 3 - abb?
-ab8
In base 7, what is 0 + -2164?
-2164
In base 15, what is bb + 1a?
d6
In base 4, what is -2100032 + -11?
-2100103
In base 11, what is 279 + -15?
264
In base 6, what is 54053 - 2?
54051
In base 2, what is 0 - -10000?
10000
In base 6, what is 1214 + 2?
1220
In base 7, what is 4035 - -5?
4043
In base 11, what is 30 - 4?
27
In base 13, what is 11 - -6?
17
In base 16, what is 5 - -a7?
ac
In base 8, what is -6726 + 0?
-6726
In base 16, what is 12 + -4?
e
In base 8, what is -17 + -15?
-34
In base 12, what is -87 + 66?
-21
In base 8, what is 3 + 422?
425
In base 2, what is 10001101110 - 0?
10001101110
In base 4, what is 22 + -313310?
-313222
In base 7, what is 2313 + -2?
2311
In base 8, what is -3 + 54?
51
In base 5, what is 111 + -1?
110
In base 11, what is 15 - 45?
-30
In base 7, what is -33265 - 2?
-33300
In base 14, what is -18 - -2?
-16
In base 8, what is 0 - -4671?
4671
In base 16, what is 5 - -66?
6b
In base 10, what is 1 - 209?
-208
In base 15, what is -5 + 4?
-1
In base 15, what is -1 + a71?
a70
In base 3, what is -2 - -10002011?
10002002
In base 13, what is 2 - -57?
59
In base 15, what is -181 + 2?
-17e
In base 13, what is -6c + -10?
-7c
In base 2, what is 100 + -101010?
-100110
In base 7, what is 2 - 12166?
-12164
In base 9, what is 66 + -101?
-24
In base 14, what is 8 + 0?
8
In base 13, what is -20 + -11?
-31
In base 12, what is -9 - 266?
-273
In base 10, what is 2 - 615?
-613
In base 9, what is -32 - 311?
-343
In base 13, what is 238 - -1c?
257
In base 13, what is 1018 + 1?
1019
In base 12, what is 10 - 5?
7
In base 8, what is 5 - -24?
31
In base 16, what is -5 + -81?
-86
In base 4, what is 32 + 1010?
1102
In base 15, what is 1 + a70?
a71
In base 7, what is 203 + 3?
206
In base 7, what is -116 + -20?
-136
In base 7, what is 115 - -1?
116
In base 11, what is -1 - -1754?
1753
In base 9, what is -6 + 3?
-3
In base 2, what is 1000100100 + 111?
1000101011
In base 9, what is -1 + 75?
74
In base 9, what is 6104 + -3?
6101
In base 4, what is -1 - -303?
302
In base 6, what is -3 + 1101?
1054
In base 8, what is 206 + 5?
213
In base 6, what is 4542 + -1?
4541
In base 15, what is -796 + -8?
-79e
In base 16, what is 1 - 39?
-38
In base 16, what is -1ec - 2?
-1ee
In base 11, what is 5 + 37?
41
In base 5, what is -23024 - 1?
-23030
In base 11, what is 138 + -1?
137
In base 5, what is 1304 - -20?
1324
In base 2, what is 0 - 100100?
-100100
In base 8, what is 571 - 1?
570
In base 11, what is 18 - -32?
4a
In base 11, what is -73 - 13a?
-202
In base 7, what is 621 + -3?
615
In base 9, what is -5 - -148?
143
In base 14, what is 0 + -3a?
-3a
In base 6, what is 0 + 215?
215
In base 10, what is 0 - 37?
-37
In base 9, what is -8 + 482?
473
In base 2, what is 10011000 - 10011?
10000101
In base 9, what is -5 - 25?
-31
In base 15, what is 71 + -1?
70
In base 9, what is 2 - -25?
27
In base 12, what is -8636 + -1?
-8637
In base 4, what is 12 + -12313?
-12301
In base 7, what is 10652 - 3?
10646
In base 3, what is 2110 + 101?
2211
In base 15, what is -11 + -14?
-25
In base 8, what is 5 + 177?
204
In base 5, what is -20020 - -1?
-20014
In base 3, what is 11201 - 1?
11200
In base 5, what is 4 + 2411?
2420
In base 4, what is 0 + 322313?
322313
In base 2, what is 0 + -100100011?
-100100011
In base 2, what is 10101111 - 11100?
10010011
In base 5, what is -4 + -1244?
-1303
In base 13, what is 1 - a?
-9
In base 2, what is -101 + -101100?
-110001
In base 5, what is -23204 + 1?
-23203
In base 3, what is -102 + -1?
-110
In base 2, what is -10011101110 + -1001?
-10011110111
In base 3, what is 10 + -12011?
-12001
In base 12, what is -262 - 21?
-283
In base 13, what is 515 + -2?
513
In base 9, what is -25 + -173?
-208
In base 15, what is -1c + 14?
-8
In base 6, what is -3 - 350?
-353
In base 9, what is -111 + 4?
-106
In base 5, what is 1220 + 10?
1230
In base 4, what is 10120 + -12?
10102
In base 6, what is -1211 - 14?
-1225
In base 3, what is -20 - 120221?
-121011
In base 2, what is 1 + -1111000111011?
-1111000111010
In base 10, what is -46 + -42?
-88
In base 13, what is 4 + -46?
-42
In base 13, what is -223 + -2?
-225
In base 6, what is 153 - 4?
145
In base 12, what is 9 - -8?
15
In base 4, what is 1203 + -1?
1202
In base 12, what is 1 + -2084?
-2083
In base 6, what is 122 - 2?
120
In base 8, what is -46 - 23?
-71
In base 13, what is -18 + -21?
-39
In base 4, what is 10 + 222?
232
In base 15, what is 4 - 148c?
-1488
In base 13, what is -237 - 5?
-23c
In base 12, what is -3 + 6?
3
In base 12, what is 5 + -16a4?
-169b
In base 4, what is 11 + 31020?
31031
In base 8, what is 0 - -1430?
1430
In base 16, what is 6d0 - -4?
6d4
In base 3, what is -20 + 10101?
10011
In base 10, what is -2 + -713?
-715
In base 15, what is 1e9 - 14?
1d5
In base 2, what is 101 + -10011110111?
-10011110010
In base 14, what is -b6 + -2?
-b8
In base 9, what is -11577 - 0?
-11577
In base 14, what is 11 - 3c?
-2b
In base 15, what is -756 - -4?
-752
In base 14, what is d9 - 1?
d8
In base 5, what is 2140 - 11?
2124
In base 2, what is -1000010 + -10?
-1000100
In base 10, what is -243 + -6?
-249
In base 12, what is 20b - -2?
211
In base 11, what is -66 + 3?
-63
In base 13, what is -3 - 293?
-296
In base 15, what is -1da3 + -4?
-1da7
In base 7, what is 43 - -6?
52
In base 2, what is -1110111001 - -11?
-1110110110
In base 8, what is 